{"version":"1.0","provider_name":"100k","provider_url":"https:\/\/100k.verfassungsfreunde.ch\/fr","author_name":"azan.admin","author_url":"https:\/\/100k.verfassungsfreunde.ch\/fr\/author\/azan-admin\/","title":"Referendum\/Initiative aufschalten - 100k","type":"rich","width":600,"height":338,"html":"<blockquote class=\"wp-embedded-content\" data-secret=\"6zFXIqKaJl\"><a href=\"https:\/\/100k.verfassungsfreunde.ch\/fr\/referendum-initiative-aufschalten\/\">Mettre en ligne un r\u00e9f\u00e9rendum\/une initiative<\/a><\/blockquote><iframe sandbox=\"allow-scripts\" security=\"restricted\" src=\"https:\/\/100k.verfassungsfreunde.ch\/fr\/referendum-initiative-aufschalten\/embed\/#?secret=6zFXIqKaJl\" width=\"600\" height=\"338\" title=\"\u00ab\u00a0Referendum\/Initiative aufschalten\u00a0\u00bb &#8212; 100k\" data-secret=\"6zFXIqKaJl\" frameborder=\"0\" marginwidth=\"0\" marginheight=\"0\" scrolling=\"no\" class=\"wp-embedded-content\"><\/iframe><script>\n\/*! This file is auto-generated *\/\n!function(d,l){\"use strict\";l.querySelector&&d.addEventListener&&\"undefined\"!=typeof URL&&(d.wp=d.wp||{},d.wp.receiveEmbedMessage||(d.wp.receiveEmbedMessage=function(e){var t=e.data;if((t||t.secret||t.message||t.value)&&!\/[^a-zA-Z0-9]\/.test(t.secret)){for(var s,r,n,a=l.querySelectorAll('iframe[data-secret=\"'+t.secret+'\"]'),o=l.querySelectorAll('blockquote[data-secret=\"'+t.secret+'\"]'),c=new RegExp(\"^https?:$\",\"i\"),i=0;i<o.length;i++)o[i].style.display=\"none\";for(i=0;i<a.length;i++)s=a[i],e.source===s.contentWindow&&(s.removeAttribute(\"style\"),\"height\"===t.message?(1e3<(r=parseInt(t.value,10))?r=1e3:~~r<200&&(r=200),s.height=r):\"link\"===t.message&&(r=new URL(s.getAttribute(\"src\")),n=new URL(t.value),c.test(n.protocol))&&n.host===r.host&&l.activeElement===s&&(d.top.location.href=t.value))}},d.addEventListener(\"message\",d.wp.receiveEmbedMessage,!1),l.addEventListener(\"DOMContentLoaded\",function(){for(var e,t,s=l.querySelectorAll(\"iframe.wp-embedded-content\"),r=0;r<s.length;r++)(t=(e=s[r]).getAttribute(\"data-secret\"))||(t=Math.random().toString(36).substring(2,12),e.src+=\"#?secret=\"+t,e.setAttribute(\"data-secret\",t)),e.contentWindow.postMessage({message:\"ready\",secret:t},\"*\")},!1)))}(window,document);\n\/\/# sourceURL=https:\/\/100k.verfassungsfreunde.ch\/wp-includes\/js\/wp-embed.min.js\n<\/script>","description":"M\u00f6chtest Du Dein Referendum oder Deine Initiative, die sich im Sammelstadium befindet, mit eigenem Text auf dieser Webseite ver\u00f6ffentlichen? Dann f\u00fclle bitte das folgende Formular aus. Wir freuen uns darauf, Deine Einreichung zu pr\u00fcfen und Dich bei Deinem demokratischen Engagement zu unterst\u00fctzen. Bitte aktiviere JavaScript in deinem Browser, um dieses Formular fertigzustellen. Felder mit einem [&hellip;]"}

<blockquote class="wp-embedded-content" data-secret="6zFXIqKaJl"><a href="https://100k.verfassungsfreunde.ch/fr/referendum-initiative-aufschalten/">Mettre en ligne un référendum/une initiative</a></blockquote><iframe sandbox="allow-scripts" security="restricted" src="https://100k.verfassungsfreunde.ch/fr/referendum-initiative-aufschalten/embed/#?secret=6zFXIqKaJl" width="600" height="338" title="« Referendum/Initiative aufschalten » &#8212; 100k" data-secret="6zFXIqKaJl" frameborder="0" marginwidth="0" marginheight="0" scrolling="no" class="wp-embedded-content"></iframe><script>
/*! This file is auto-generated */
!function(d,l){"use strict";l.querySelector&&d.addEventListener&&"undefined"!=typeof URL&&(d.wp=d.wp||{},d.wp.receiveEmbedMessage||(d.wp.receiveEmbedMessage=function(e){var t=e.data;if((t||t.secret||t.message||t.value)&&!/[^a-zA-Z0-9]/.test(t.secret)){for(var s,r,n,a=l.querySelectorAll('iframe[data-secret="'+t.secret+'"]'),o=l.querySelectorAll('blockquote[data-secret="'+t.secret+'"]'),c=new RegExp("^https?:$","i"),i=0;i<o.length;i++)o[i].style.display="none";for(i=0;i<a.length;i++)s=a[i],e.source===s.contentWindow&&(s.removeAttribute("style"),"height"===t.message?(1e3<(r=parseInt(t.value,10))?r=1e3:~~r<200&&(r=200),s.height=r):"link"===t.message&&(r=new URL(s.getAttribute("src")),n=new URL(t.value),c.test(n.protocol))&&n.host===r.host&&l.activeElement===s&&(d.top.location.href=t.value))}},d.addEventListener("message",d.wp.receiveEmbedMessage,!1),l.addEventListener("DOMContentLoaded",function(){for(var e,t,s=l.querySelectorAll("iframe.wp-embedded-content"),r=0;r<s.length;r++)(t=(e=s[r]).getAttribute("data-secret"))||(t=Math.random().toString(36).substring(2,12),e.src+="#?secret="+t,e.setAttribute("data-secret",t)),e.contentWindow.postMessage({message:"ready",secret:t},"*")},!1)))}(window,document);
//# sourceURL=https://100k.verfassungsfreunde.ch/wp-includes/js/wp-embed.min.js
</script>

Möchtest Du Dein Referendum oder Deine Initiative, die sich im Sammelstadium befindet, mit eigenem Text auf dieser Webseite veröffentlichen? Dann fülle bitte das folgende Formular aus. Wir freuen uns darauf, Deine Einreichung zu prüfen und Dich bei Deinem demokratischen Engagement zu unterstützen. Bitte aktiviere JavaScript in deinem Browser, um dieses Formular fertigzustellen. Felder mit einem [&hellip;]
