{"version":"1.0","provider_name":"100k","provider_url":"https:\/\/100k.verfassungsfreunde.ch\/fr","author_name":"azan.admin","author_url":"https:\/\/100k.verfassungsfreunde.ch\/fr\/author\/azan-admin\/","title":"Aufarbeitungsinitiative - 100k","type":"rich","width":600,"height":338,"html":"<blockquote class=\"wp-embedded-content\" data-secret=\"0J7nzw0nqT\"><a href=\"https:\/\/100k.verfassungsfreunde.ch\/fr\/initiative\/aufarbeitungsinitiative\/\">Initiative de reconstruction analytique<\/a><\/blockquote><iframe sandbox=\"allow-scripts\" security=\"restricted\" src=\"https:\/\/100k.verfassungsfreunde.ch\/fr\/initiative\/aufarbeitungsinitiative\/embed\/#?secret=0J7nzw0nqT\" width=\"600\" height=\"338\" title=\"\u00ab\u00a0Aufarbeitungsinitiative\u00a0\u00bb &#8212; 100k\" data-secret=\"0J7nzw0nqT\" frameborder=\"0\" marginwidth=\"0\" marginheight=\"0\" scrolling=\"no\" class=\"wp-embedded-content\"><\/iframe><script>\n\/*! This file is auto-generated *\/\n!function(d,l){\"use strict\";l.querySelector&&d.addEventListener&&\"undefined\"!=typeof URL&&(d.wp=d.wp||{},d.wp.receiveEmbedMessage||(d.wp.receiveEmbedMessage=function(e){var t=e.data;if((t||t.secret||t.message||t.value)&&!\/[^a-zA-Z0-9]\/.test(t.secret)){for(var s,r,n,a=l.querySelectorAll('iframe[data-secret=\"'+t.secret+'\"]'),o=l.querySelectorAll('blockquote[data-secret=\"'+t.secret+'\"]'),c=new RegExp(\"^https?:$\",\"i\"),i=0;i<o.length;i++)o[i].style.display=\"none\";for(i=0;i<a.length;i++)s=a[i],e.source===s.contentWindow&&(s.removeAttribute(\"style\"),\"height\"===t.message?(1e3<(r=parseInt(t.value,10))?r=1e3:~~r<200&&(r=200),s.height=r):\"link\"===t.message&&(r=new URL(s.getAttribute(\"src\")),n=new URL(t.value),c.test(n.protocol))&&n.host===r.host&&l.activeElement===s&&(d.top.location.href=t.value))}},d.addEventListener(\"message\",d.wp.receiveEmbedMessage,!1),l.addEventListener(\"DOMContentLoaded\",function(){for(var e,t,s=l.querySelectorAll(\"iframe.wp-embedded-content\"),r=0;r<s.length;r++)(t=(e=s[r]).getAttribute(\"data-secret\"))||(t=Math.random().toString(36).substring(2,12),e.src+=\"#?secret=\"+t,e.setAttribute(\"data-secret\",t)),e.contentWindow.postMessage({message:\"ready\",secret:t},\"*\")},!1)))}(window,document);\n\/\/# sourceURL=https:\/\/100k.verfassungsfreunde.ch\/wp-includes\/js\/wp-embed.min.js\n<\/script>","thumbnail_url":"https:\/\/100k.verfassungsfreunde.ch\/wp-content\/uploads\/2024\/04\/logo_lupe_AI.png","thumbnail_width":2048,"thumbnail_height":2048,"description":"Eine umfassende Aufarbeitung der Corona-Zeit durch eine ausserparlamentarische und vom Volk gew\u00e4hlte Kommission Abkl\u00e4ren ob Massnahmen zielf\u00fchrend, verh\u00e4ltnism\u00e4ssig und verfassungskonform waren Abkl\u00e4ren ob es Verbrechen wie z. B. Korruption, etc. gab Abkl\u00e4ren ob bessere Behandlungsm\u00f6glichkeiten oder Vorsorge verhindert wurden Faire Entsch\u00e4digung und Unterst\u00fctzung f\u00fcr Impfopfer und andere Gesch\u00e4digte Amnestie f\u00fcr Unschuldige Erkenntnisse f\u00fcr die n\u00e4chste [&hellip;]"}

Eine umfassende Aufarbeitung der Corona-Zeit durch eine ausserparlamentarische und vom Volk gewählte Kommission Abklären ob Massnahmen zielführend, verhältnismässig und verfassungskonform waren Abklären ob es Verbrechen wie z. B. Korruption, etc. gab Abklären ob bessere Behandlungsmöglichkeiten oder Vorsorge verhindert wurden Faire Entschädigung und Unterstützung für Impfopfer und andere Geschädigte Amnestie für Unschuldige Erkenntnisse für die nächste [&hellip;]
