{"version":"1.0","provider_name":"100k","provider_url":"https:\/\/100k.verfassungsfreunde.ch\/fr","author_name":"azan.admin","author_url":"https:\/\/100k.verfassungsfreunde.ch\/fr\/author\/azan-admin\/","title":"Pr\u00e4mien-Entlastungs-Initiative - 100k","type":"rich","width":600,"height":338,"html":"<blockquote class=\"wp-embedded-content\" data-secret=\"6T9KOnThAv\"><a href=\"https:\/\/100k.verfassungsfreunde.ch\/fr\/abstimmung\/praemien-entlastungs-initiative\/\">Initiative d\u2019all\u00e8gement des primes<\/a><\/blockquote><iframe sandbox=\"allow-scripts\" security=\"restricted\" src=\"https:\/\/100k.verfassungsfreunde.ch\/fr\/abstimmung\/praemien-entlastungs-initiative\/embed\/#?secret=6T9KOnThAv\" width=\"600\" height=\"338\" title=\"\u00ab\u00a0Pr\u00e4mien-Entlastungs-Initiative\u00a0\u00bb &#8212; 100k\" data-secret=\"6T9KOnThAv\" frameborder=\"0\" marginwidth=\"0\" marginheight=\"0\" scrolling=\"no\" class=\"wp-embedded-content\"><\/iframe><script>\n\/*! This file is auto-generated *\/\n!function(d,l){\"use strict\";l.querySelector&&d.addEventListener&&\"undefined\"!=typeof URL&&(d.wp=d.wp||{},d.wp.receiveEmbedMessage||(d.wp.receiveEmbedMessage=function(e){var t=e.data;if((t||t.secret||t.message||t.value)&&!\/[^a-zA-Z0-9]\/.test(t.secret)){for(var s,r,n,a=l.querySelectorAll('iframe[data-secret=\"'+t.secret+'\"]'),o=l.querySelectorAll('blockquote[data-secret=\"'+t.secret+'\"]'),c=new RegExp(\"^https?:$\",\"i\"),i=0;i<o.length;i++)o[i].style.display=\"none\";for(i=0;i<a.length;i++)s=a[i],e.source===s.contentWindow&&(s.removeAttribute(\"style\"),\"height\"===t.message?(1e3<(r=parseInt(t.value,10))?r=1e3:~~r<200&&(r=200),s.height=r):\"link\"===t.message&&(r=new URL(s.getAttribute(\"src\")),n=new URL(t.value),c.test(n.protocol))&&n.host===r.host&&l.activeElement===s&&(d.top.location.href=t.value))}},d.addEventListener(\"message\",d.wp.receiveEmbedMessage,!1),l.addEventListener(\"DOMContentLoaded\",function(){for(var e,t,s=l.querySelectorAll(\"iframe.wp-embedded-content\"),r=0;r<s.length;r++)(t=(e=s[r]).getAttribute(\"data-secret\"))||(t=Math.random().toString(36).substring(2,12),e.src+=\"#?secret=\"+t,e.setAttribute(\"data-secret\",t)),e.contentWindow.postMessage({message:\"ready\",secret:t},\"*\")},!1)))}(window,document);\n\/\/# sourceURL=https:\/\/100k.verfassungsfreunde.ch\/wp-includes\/js\/wp-embed.min.js\n<\/script>","description":"Ausgangslage Wer in der Schweiz krank ist, erh\u00e4lt die n\u00f6tige medizinische Behandlung. Seit 1996 \u00fcbernimmt die obligatorische Krankenversicherung die Kosten daf\u00fcr. Die Krankenversicherung wird \u00fcber die Krankenkassenpr\u00e4mien und Kostenbeteiligungen (Franchise, Selbstbehalt, Spitalkostenbeitrag) finanziert. Die Kosten der Krankenversicherung sind in den letzten Jahrzehnten stark gestiegen. Um sie zu decken, mussten die Pr\u00e4mien entsprechend erh\u00f6ht werden. Die [&hellip;]","thumbnail_url":"https:\/\/100k.verfassungsfreunde.ch\/wp-content\/uploads\/2024\/04\/Ja_gepinnt.png"}

Prämien-Entlastungs-Initiative - 100k

<blockquote class="wp-embedded-content" data-secret="6T9KOnThAv"><a href="https://100k.verfassungsfreunde.ch/fr/abstimmung/praemien-entlastungs-initiative/">Initiative d’allègement des primes</a></blockquote><iframe sandbox="allow-scripts" security="restricted" src="https://100k.verfassungsfreunde.ch/fr/abstimmung/praemien-entlastungs-initiative/embed/#?secret=6T9KOnThAv" width="600" height="338" title="« Prämien-Entlastungs-Initiative » &#8212; 100k" data-secret="6T9KOnThAv" frameborder="0" marginwidth="0" marginheight="0" scrolling="no" class="wp-embedded-content"></iframe><script>
/*! This file is auto-generated */
!function(d,l){"use strict";l.querySelector&&d.addEventListener&&"undefined"!=typeof URL&&(d.wp=d.wp||{},d.wp.receiveEmbedMessage||(d.wp.receiveEmbedMessage=function(e){var t=e.data;if((t||t.secret||t.message||t.value)&&!/[^a-zA-Z0-9]/.test(t.secret)){for(var s,r,n,a=l.querySelectorAll('iframe[data-secret="'+t.secret+'"]'),o=l.querySelectorAll('blockquote[data-secret="'+t.secret+'"]'),c=new RegExp("^https?:$","i"),i=0;i<o.length;i++)o[i].style.display="none";for(i=0;i<a.length;i++)s=a[i],e.source===s.contentWindow&&(s.removeAttribute("style"),"height"===t.message?(1e3<(r=parseInt(t.value,10))?r=1e3:~~r<200&&(r=200),s.height=r):"link"===t.message&&(r=new URL(s.getAttribute("src")),n=new URL(t.value),c.test(n.protocol))&&n.host===r.host&&l.activeElement===s&&(d.top.location.href=t.value))}},d.addEventListener("message",d.wp.receiveEmbedMessage,!1),l.addEventListener("DOMContentLoaded",function(){for(var e,t,s=l.querySelectorAll("iframe.wp-embedded-content"),r=0;r<s.length;r++)(t=(e=s[r]).getAttribute("data-secret"))||(t=Math.random().toString(36).substring(2,12),e.src+="#?secret="+t,e.setAttribute("data-secret",t)),e.contentWindow.postMessage({message:"ready",secret:t},"*")},!1)))}(window,document);
//# sourceURL=https://100k.verfassungsfreunde.ch/wp-includes/js/wp-embed.min.js
</script>

Ausgangslage Wer in der Schweiz krank ist, erhält die nötige medizinische Behandlung. Seit 1996 übernimmt die obligatorische Krankenversicherung die Kosten dafür. Die Krankenversicherung wird über die Krankenkassenprämien und Kostenbeteiligungen (Franchise, Selbstbehalt, Spitalkostenbeitrag) finanziert. Die Kosten der Krankenversicherung sind in den letzten Jahrzehnten stark gestiegen. Um sie zu decken, mussten die Prämien entsprechend erhöht werden. Die [&hellip;]
